ds digit of 5565442382?
3
What is the ten millions digit of 1086247150?
8
What is the hundred thousands digit of 1518879073?
8
What is the tens digit of 6431512?
1
What is the ten millions digit of 469349467?
6
What is the ten millions digit of 223513455?
2
What is the thousands digit of 291957789?
7
What is the units digit of 71928996?
6
What is the hundred thousands digit of 53817667?
8
What is the hundred thousands digit of 2708536496?
5
What is the ten millions digit of 2271004411?
7
What is the units digit of 45192858?
8
What is the hundreds digit of 2509276614?
6
What is the units digit of 2025897497?
7
What is the ten thousands digit of 6708255797?
5
What is the millions digit of 3080669081?
0
What is the hundreds digit of 31865657?
6
What is the units digit of 91096648?
8
What is the thousands digit of 2778233283?
3
What is the millions digit of 126018467?
6
What is the ten thousands digit of 82845155?
4
What is the ten thousands digit of 95114009?
1
What is the hundreds digit of 1486041773?
7
What is the tens digit of 81559975?
7
What is the ten thousands digit of 4395934023?
3
What is the thousands digit of 3938847049?
7
What is the hundred thousands digit of 58301018?
3
What is the units digit of 41649595?
5
What is the ten thousands digit of 4957429?
5
What is the hundred thousands digit of 91288298?
2
What is the thousands digit of 167273484?
3
What is the millions digit of 76761146?
6
What is the tens digit of 51336551?
5
What is the millions digit of 186886139?
6
What is the hundred thousands digit of 890390453?
3
What is the units digit of 43395961?
1
What is the hundred thousands digit of 697455593?
4
What is the hundred thousands digit of 67623461?
6
What is the hundreds digit of 13230151?
1
What is the units digit of 681682501?
1
What is the thousands digit of 1242699726?
9
What is the ten millions digit of 599932797?
9
What is the ten thousands digit of 1179376647?
7
What is the units digit of 26668837?
7
What is the tens digit of 39459784?
8
What is the hundred thousands digit of 265644?
2
What is the millions digit of 1891153?
1
What is the hundreds digit of 4527298052?
0
What is the hundreds digit of 45999669?
6
What is the ten thousands digit of 2021371148?
7
What is the hundred thousands digit of 323565202?
5
What is the hundreds digit of 848107467?
4
What is the hundred thousands digit of 12656508?
6
What is the ten thousands digit of 2626381?
2
What is the hundreds digit of 785648020?
0
What is the millions digit of 7823161982?
3
What is the hundred millions digit of 6486975924?
4
What is the ten thousands digit of 144794469?
9
What is the hundred millions digit of 6260170485?
2
What is the thousands digit of 29556098?
6
What is the ten thousands digit of 6152658123?
5
What is the hundred thousands digit of 270610999?
6
What is the millions digit of 39323157?
9
What is the hundreds digit of 39637879?
8
What is the hundred thousands digit of 2432513325?
5
What is the billions digit of 5575217937?
5
What is the ten millions digit of 1387791494?
8
What is the millions digit of 40281053?
0
What is the hundred millions digit of 136715642?
1
What is the millions digit of 748949961?
8
What is the hundred thousands digit of 7450020112?
0
What is the tens digit of 2324710217?
1
What is the hundred thousands digit of 88895760?
8
What is the thousands digit of 254990593?
0
What is the ten thousands digit of 79091980?
9
What is the ten thousands digit of 2701671851?
7
What is the ten millions digit of 338908792?
3
What is the ten millions digit of 46746368?
4
What is the tens digit of 144680182?
8
What is the ten thousands digit of 626867812?
6
What is the tens digit of 97673059?
5
What is the ten millions digit of 42664361?
4
What is the hundred thousands digit of 35003620?
0
What is the millions digit of 398130967?
8
What is the thousands digit of 535544508?
4
What is the tens digit of 1716458188?
8
What is the millions digit of 1243936730?
3
What is the tens digit of 66810246?
4
What is the ten millions digit of 62606848?
6
What is the ten thousands digit of 3268673?
6
What is the ten thousands digit of 111450915?
5
What is the thousands digit of 22536191?
6
What is the hundreds digit of 67020083?
0
What is the units digit of 143786791?
1
What is the hundred thousands digit of 13785805?
7
What is the ten millions digit of 2633188809?
3
What is the hundred millions digit of 111008971?
1
What is the hundred thousands digit of 93764671?
7
What is the thousands digit of 26477109?
7
What is the hundred thousands digit of 18398544?
3
What is the hundred millions digit of 157225204?
1
What is the millions digit of 54394800?
4
What is the millions digit of 331433892?
1
What is the millions digit of 104161352?
4
What is the thousands digit of 22972086?
2
What is the hundreds digit of 92669660?
6
What is the hundreds digit of 5141387895?
8
What is the millions digit of 337732133?
7
What is the units digit of 303152207?
7
What is the thousands digit of 72587527?
7
What is the millions digit of 31370031?
1
What is the hundred millions digit of 124282866?
1
What is the hundreds digit of 193365126?
1
What is the ten thousands digit of 34774884?
7
What is the hundreds digit of 5950119039?
0
What is the thousands digit of 576830296?
0
What is the billions digit of 7022634630?
7
What is the millions digit of 7651556?
7
What is the units digit of 64384605?
5
What is the ten thousands digit of 80768026?
6
What is the thousands digit of 155761786?
1
What is the tens digit of 13366500?
0
What is the millions digit of 135405197?
5
What is the ten thousands digit of 1622508916?
0
What is the ten millions digit of 115538759?
1
What is the hundred thousands digit of 416280008?
2
What is the hundred thousands digit of 327284403?
2
What is the millions digit of 360763617?
0
What is the millions digit of 46082300?
6
What is the billions digit of 1091376684?
1
What is the units digit of 13512014?
4
What is the ten thousands digit of 467620938?
2
What is the billions digit of 6538486268?
6
What is the hundreds digit of 191521566?
5
What is the tens digit of 113436382?
8
What is the units digit of 58915750?
0
What is the billions digit of 3438521949?
3
What is the millions digit of 47029224?
7
What is the units digit of 3068986239?
9
What is the thousands digit of 2394795311?
5
What is the thousands digit of 46729590?
9
What is the hundred thousands digit of 28147756?
1
What is the units digit of 13261809?
9
What is the hundred thousands digit of 49809819?
8
What is the hundred millions digit of 2853541413?
8
What is the ten thousands digit of 69966468?
6
What is the hundreds digit of 53358242?
2
What is the ten millions digit of 46408599?
4
What is the units digit of 516106054?
4
What is the hundred millions digit of 2523437460?
5
What is the tens digit of 206543524?
2
What is the tens digit of 374345277?
7
What is the tens digit of 101915422?
2
What is the millions digit of 73714383?
3
What is the units digit of 77661846?
6
What is the thousands digit of 1091834142?
4
What is the hundred thousands digit of 186280875?
2
What is the ten millions digit of 118904885?
1
What is the thousands digit of 232613617?
3
What is the ten thousands digit of 455676776?
7
What is the ten thousands digit of 3821392401?
9
What is the ten millions digit of 67061441?
6
What is the units digit of 107758071?
1
What is the units digit of 23842893?
3
What is the hundreds digit of 922695529?
5
What is the millions digit of 9434965598?
4
What is the millions digit of 4582665511?
2
What is the units digit of 13411294?
4
What is the ten millions digit of 1758235542?
5
What is the millions digit of 133279845?
3
What is the hundred millions digit of 219212663?
2
What is the tens digit of 15100668?
6
What is the hundreds digit of 1298126340?
3
What is the hundreds digit of 801008035?
0
What is the hundred millions digit of 418442180?
4
What is the ten millions digit of 537186807?
3
What is the ten millions digit of 74336246?
7
What is the hundred millions digit of 390357553?
3
What is the units digit of 7541192196?
6
What is the hundred thousands digit of 38773966?
7
What is the thousands digit of 2981277?
1
What is the hundred thousands digit of 130742726?
7
What is the ten thous